{"id":83,"date":"2016-08-10T13:44:16","date_gmt":"2016-08-10T11:44:16","guid":{"rendered":"http:\/\/www.teharje.si\/?page_id=83"},"modified":"2016-08-10T13:44:16","modified_gmt":"2016-08-10T11:44:16","slug":"franjo-luzevic","status":"publish","type":"page","link":"https:\/\/teharje.si\/index.php\/znameniti-krajani\/franjo-luzevic\/","title":{"rendered":"Franjo Lu\u017eevi\u010d"},"content":{"rendered":"<figure id=\"attachment_149\" aria-describedby=\"caption-attachment-149\" style=\"width: 219px\" class=\"wp-caption alignleft\"><a href=\"https:\/\/teharje.si\/wp-content\/uploads\/2016\/08\/Skladatelj_glasbeni_pedagog_Franjo_Lu%C5%BEevi%C4%8D.jpg\"><img loading=\"lazy\" decoding=\"async\" class=\"wp-image-149 size-medium\" title=\"Franjo Lu\u017eevi\u010d 2003\" src=\"https:\/\/teharje.si\/wp-content\/uploads\/2016\/08\/Skladatelj_glasbeni_pedagog_Franjo_Lu%C5%BEevi%C4%8D-219x300.jpg\" alt=\"Skladatelj in glasbeni pedagog Franjo Lu\u017eevi\u010d na Ptuju (Franjo Lu\u017eevi\u010d, Otro\u0161ki in mladinski zbori, 2003, str. 4)\" width=\"219\" height=\"300\" \/><\/a><figcaption id=\"caption-attachment-149\" class=\"wp-caption-text\">Skladatelj in glasbeni pedagog Franjo Lu\u017eevi\u010d na Ptuju (Franjo Lu\u017eevi\u010d, Otro\u0161ki in mladinski zbori, 2003, str. 4)<\/figcaption><\/figure>\n<p>Franjo Lu\u017eevi\u010d (1903-1981) je bil pevski pedagog, pevovodja, skladatelj in organist, ki je pustil velik pe\u010dat ne samo v teharskem, ampak tudi v \u0161ir\u0161em slovenskem prostoru, predvsem na podro\u010dju Ptuja in Podravja. Rodil se je 29. avgusta 1903 v kraju Slance pri Teharjah v kme\u010dki dru\u017eini Franca Lu\u017eevi\u010da in Roze \u0160tante, kjer je tudi naredil prve glasbene in pevske korake na orglah teharske cerkve in v razli\u010dnih teharskih pevskih dru\u0161tvih. Po kon\u010dani teharski osnovni \u0161oli je obiskoval mestno glasbeno in orglarsko \u0161olo v Celju, ki ju je kon\u010dal leta 1921. Prvi\u010d ga je pot zanesla na Ptuj po kon\u010danem \u0161olanju v Celju, kjer je bil organist pri ptujskih minoritih, tajnik Izobra\u017eevalnega in bralnega dru\u0161tva za minoritsko \u017eupnijo in zborovodja dru\u0161tvenega zbora Slav\u010dek.<\/p>\n<p>Po odslu\u017eenem voja\u0161kem roku leta 1924 se je vrnil na Teharjem, kjer je postal organist. V teharski cerkvi je orglar \u017ee v \u010dasu svojega \u0161olanja v Celju. V tem \u010dasu se je aktivno udejstvoval v teharskih pevskih dru\u0161tvih in zborih. Vodil je mladinski in me\u0161ani zbor Prosvetnega dru\u0161tva, bil med ustanovitelji pevskega dru\u0161tva Slavec in bil dru\u0161tveni pevovodja do leta 1934, ko je zapustil Teharje. V tem \u010dasu je od\u0161el \u0161tudiral glasbo na Dr\u017eavno glasbeno akademijo v Zagreb, kjer je \u0161tudij kon\u010dal leta 1934.<\/p>\n<figure id=\"attachment_147\" aria-describedby=\"caption-attachment-147\" style=\"width: 214px\" class=\"wp-caption alignright\"><a href=\"https:\/\/teharje.si\/wp-content\/uploads\/2016\/08\/Franjo_Lu%C5%BEevi%C4%8D_kot_%C5%A1tudent.jpg\"><img loading=\"lazy\" decoding=\"async\" class=\"size-medium wp-image-147\" src=\"https:\/\/teharje.si\/wp-content\/uploads\/2016\/08\/Franjo_Lu%C5%BEevi%C4%8D_kot_%C5%A1tudent-214x300.jpg\" alt=\"Franjo Lu\u017eevi\u010d kot \u0161tudent Glasbene akademije v Zagrebu (zasebni arhiv)\" width=\"214\" height=\"300\" \/><\/a><figcaption id=\"caption-attachment-147\" class=\"wp-caption-text\">Franjo Lu\u017eevi\u010d kot \u0161tudent Glasbene akademije v Zagrebu (zasebni arhiv)<\/figcaption><\/figure>\n<p>Po kon\u010danem \u0161olanju je slu\u017eboval v srbskem cerkvenem pevskem zboru v Vr\u0161cu in leta 1937 je od\u0161el v Vukovar, kjer je zasedel mesto dirigenta v hrva\u0161kem pevskem dru\u0161tvu Dunav, bil je u\u010ditelj klavirja v zasebni glasbeni \u0161oli in organist v mestni \u017eupnijski cerkvi. Med 2. vojno je bil tudi profesor petja na vukovarski gimnaziji. Leta 1945 je prosil za premestitev in se je vrnil na Ptuj. Po 2. svetovni vojni se je posvetil pedago\u0161kemu delu in glasbenemu ustvarjanju. Od jeseni leta 1945 je tri \u0161olska leta pou\u010deval glasbo na ptujski gimnaziji, kjer je vzpostavil mladinski pevski zbor s 120 pevci in pevkami. Leta 1947 je dosegel prvo mesto na okro\u017enem tekmovanju v Mariboru med srednje\u0161olskimi zbori. V \u0161olskem letu 1947\/48 je od\u0161el pou\u010devat na Glasbeno \u0161olo Ptuj, kjer je prevzel pouk klavirja in skladal ter pisal ve\u010d pesmi za mladinske, otro\u0161ke, pa tudi za me\u0161ane zbore. Njegov glasbeni opus zavzema skoraj 200 pesmi, skladb in drugega notnega gradiva. Njegove najbolj znane otro\u0161ke in mladinske pesmi so Poletni ve\u010der, Tri vrabci, Kolo, Ton\u010dek spra\u0161uje, De\u017eek in druge. Pisal je tudi klavirske skladbe, najbolj znane so 10 lahkih skladb za klavir leta 1965. Pisal je tudi solisti\u010dno in komorno glasbo, skladbe za cerkvene zbore in orglarske melodije. Prav tako je napisal ma\u0161o Slovenska ma\u0161a na \u010dast sv. Ceciliji leta 1947. Na glasbenem podro\u010dju je najve\u010d sodeloval s skladateljem Ferdom Juvancem ml. z Glasbene \u0161ole Ptuj, pri zboru Glasbene matice od jeseni 1945 in dirigentom ter pianistom Gregorjem Gregorcem.<\/p>\n<p>Avtor: Matej Ocvirk<\/p>\n<figure id=\"attachment_148\" aria-describedby=\"caption-attachment-148\" style=\"width: 800px\" class=\"wp-caption aligncenter\"><a href=\"https:\/\/teharje.si\/wp-content\/uploads\/2016\/08\/Prosvetno_dru%C5%A1tvo_Teharje.jpg\"><img loading=\"lazy\" decoding=\"async\" class=\"wp-image-148 size-large\" title=\"Franjo Lu\u017eevi\u010d Prosvetno dru\u0161tvo Teharje\" src=\"https:\/\/teharje.si\/wp-content\/uploads\/2016\/08\/Prosvetno_dru%C5%A1tvo_Teharje-1024x656.jpg\" alt=\"Prosvetno_dru\u0161tvo_Teharje\" width=\"800\" height=\"513\" \/><\/a><figcaption id=\"caption-attachment-148\" class=\"wp-caption-text\">Pevovodja Franjo Lu\u017eevi\u010d (sedi \u0161esti z leve med duhovnikoma) Prosvetnega dru\u0161tva Teharje (hrani \u017delezarski muzej \u0160tore)<\/figcaption><\/figure>\n<figure id=\"attachment_154\" aria-describedby=\"caption-attachment-154\" style=\"width: 718px\" class=\"wp-caption aligncenter\"><a href=\"https:\/\/teharje.si\/wp-content\/uploads\/2016\/08\/Otro%C5%A1ka_pesem_trije_vrabcki_Franja_Lu%C5%BEevi%C4%8Da.jpg\"><img loading=\"lazy\" decoding=\"async\" class=\"wp-image-154 size-large\" src=\"https:\/\/teharje.si\/wp-content\/uploads\/2016\/08\/Otro%C5%A1ka_pesem_trije_vrabcki_Franja_Lu%C5%BEevi%C4%8Da-718x1024.jpg\" alt=\"Otro\u0161ka pesem Trije vrab\u010dki skladatelja Franja Lu\u017eevi\u010da (Franjo Lu\u017eevi\u010d, Otro\u0161ki in mladinski zbori, 2003, str. 4)\" width=\"718\" height=\"1024\" \/><\/a><figcaption id=\"caption-attachment-154\" class=\"wp-caption-text\">Otro\u0161ka pesem Trije vrab\u010dki skladatelja Franja Lu\u017eevi\u010da (Franjo Lu\u017eevi\u010d, Otro\u0161ki in mladinski zbori, 2003, str. 4)<\/figcaption><\/figure>\n<p>&nbsp;\t\t<\/p>\n","protected":false},"excerpt":{"rendered":"<p>Franjo Lu\u017eevi\u010d (1903-1981) je bil pevski pedagog, pevovodja, skladatelj in organist, ki je pustil velik pe\u010dat ne samo v teharskem,<\/p>\n","protected":false},"author":2,"featured_media":0,"parent":10,"menu_order":0,"comment_status":"closed","ping_status":"closed","template":"","meta":{"colormag_page_container_layout":"no_sidebar_full_width","colormag_page_sidebar_layout":"right_sidebar","footnotes":""},"class_list":["post-83","page","type-page","status-publish","hentry"],"_links":{"self":[{"href":"https:\/\/teharje.si\/index.php\/wp-json\/wp\/v2\/pages\/83","targetHints":{"allow":["GET"]}}],"collection":[{"href":"https:\/\/teharje.si\/index.php\/wp-json\/wp\/v2\/pages"}],"about":[{"href":"https:\/\/teharje.si\/index.php\/wp-json\/wp\/v2\/types\/page"}],"author":[{"embeddable":true,"href":"https:\/\/teharje.si\/index.php\/wp-json\/wp\/v2\/users\/2"}],"replies":[{"embeddable":true,"href":"https:\/\/teharje.si\/index.php\/wp-json\/wp\/v2\/comments?post=83"}],"version-history":[{"count":0,"href":"https:\/\/teharje.si\/index.php\/wp-json\/wp\/v2\/pages\/83\/revisions"}],"up":[{"embeddable":true,"href":"https:\/\/teharje.si\/index.php\/wp-json\/wp\/v2\/pages\/10"}],"wp:attachment":[{"href":"https:\/\/teharje.si\/index.php\/wp-json\/wp\/v2\/media?parent=83"}],"curies":[{"name":"wp","href":"https:\/\/api.w.org\/{rel}","templated":true}]}}