{"id":53,"date":"2016-08-02T16:13:04","date_gmt":"2016-08-02T14:13:04","guid":{"rendered":"http:\/\/www.teharje.si\/?page_id=53"},"modified":"2016-08-02T16:13:04","modified_gmt":"2016-08-02T14:13:04","slug":"franjo-stor","status":"publish","type":"page","link":"https:\/\/teharje.si\/index.php\/znameniti-krajani\/franjo-stor\/","title":{"rendered":"Dr. Franjo \u0160tor"},"content":{"rendered":"<p>\t\t\t\tDr. Franjo \u0160tor je bil odvetnik, politik, narodni buditelj, ustanovitelj prvih teharskih dru\u0161tev in narodnjak doma iz Teharij, ki je slu\u017ebeno deloval v Ljubljani. Aktivno je sodeloval v ljubljanskem politi\u010dnem, kulturnem in dru\u0161tvenem \u017eivljenju. Bil je \u010dlan Narodne \u010ditalnice v Ljubljani, V Ljubljani je bil izvoljen v \u010ditalni\u0161ki odbor predsednika in urednika Novic Janeza Bleiweisa, kjer je kot odbornik sodeloval v odseku za besedo in za plese. Kot odbornik je bil tudi \u010dlan ljubljanske \u0161olske in narodnoobrambne organizacije Dru\u017ebe svetega Cirila in Metoda.<\/p>\n<figure id=\"attachment_243\" aria-describedby=\"caption-attachment-243\" style=\"width: 300px\" class=\"wp-caption aligncenter\"><a href=\"https:\/\/teharje.si\/wp-content\/uploads\/2016\/08\/Grascina_franja_stora_mlinarjev_janez.jpg\"><img loading=\"lazy\" decoding=\"async\" class=\"size-medium wp-image-243\" src=\"https:\/\/teharje.si\/wp-content\/uploads\/2016\/08\/Grascina_franja_stora_mlinarjev_janez-300x300.jpg\" alt=\"Gra\u0161\u010dina Franja \u0160tora s parkom (danes Mlinarjev Janez) (hrani \u017delezarski muzej \u0160tore)\" width=\"300\" height=\"300\" \/><\/a><figcaption id=\"caption-attachment-243\" class=\"wp-caption-text\">Gra\u0161\u010dina Franja \u0160tora s parkom (danes Mlinarjev Janez) (hrani \u017delezarski muzej \u0160tore)<\/figcaption><\/figure>\n<p>Kljub delu in dru\u017eini v Ljubljani se je redno vra\u010dal nazaj na rodno Teharje, kjer je aktivno sodeloval v teharskem politi\u010dnem in dru\u0161tvenem \u017eivljenju. V \u010dasu zaostrenih politi\u010dnih in kulturnih bojev med slovensko in nem\u0161ko stranjo je aktivno vodil slovensko politi\u010dno propagando proti vse ve\u010djemu nem\u0161kemu vplivu v teharski ob\u010dini. Ve\u010dkrat je bil govornik na teharskih politi\u010dnih shodih in pomembnej\u0161ih dru\u0161tvenih dogodkih ter sestankih. Bil je idejni vodja in podpornik nastanka prvih slovenskih dru\u0161tev na Teharjah. V \u010dasu ob\u010dinskih volitev na Teharjah med letoma 1895 in 1905 je zasedal mesto predsednika volilnih shodov za slovensko stran in vodil volilno kampanjo teharskih narodnjakov. Tako je na njegovo pobudo nastalo prvo slovensko dru\u0161tvo teharska podru\u017enica Dru\u017ebe sv. Cirila in Metoda. Dru\u0161tvu je ob ustanovitvi namenil 100 goldinarjev. Med drugim je bil slavnostni govornik ob odprtju dru\u0161tva januarja 1893 in velikim politi\u010dnim shodom leta 1905 na Teharjah, ko je tudi pripravil posmrtnico ob smrti hrva\u0161kega \u0161kofa in zagovornika jugoslovanske ideje Josipa Juraja Strossmayerja. Na njegovo pobudo so ve\u010dkrat razpravljali tudi o regulaciji Voglajne, kjer je sam podal tudi konkretne re\u0161itve, med drugim tudi v \u0161tajerskem de\u017eelnem svetu. Leta 1905 je bil imenovan za krajevnega \u0161olskega nadzornika v ob\u010dini Teharje. Na Teharjah je bil posestnik in gra\u0161\u010dak, ki je imel tudi svojega ko\u010dija\u017ea Matijo Valen\u010daka. Gra\u0161\u010dina na Teharjah, danes pod imenom Mlinarjev Janez, s parkom je bila neko\u010d last Franja \u0160tora, ki jo je kupil leta 1904. V dana\u0161njem stanju jo je pozidal in dogradil celjski podjetnik Ivan Majdi\u010d, sin Petra Majdi\u010da.<\/p>\n<figure id=\"attachment_245\" aria-describedby=\"caption-attachment-245\" style=\"width: 188px\" class=\"wp-caption aligncenter\"><a href=\"https:\/\/teharje.si\/wp-content\/uploads\/2016\/08\/listina_osnovni_podatki_franjo_stor.jpg\"><img loading=\"lazy\" decoding=\"async\" class=\"size-medium wp-image-245\" src=\"https:\/\/teharje.si\/wp-content\/uploads\/2016\/08\/listina_osnovni_podatki_franjo_stor-188x300.jpg\" alt=\"Listina z osnovnimi podatki o Franju \u0160toru v Ljubljani (hrani Zgodovinski arhiv Ljubljana)\" width=\"188\" height=\"300\" \/><\/a><figcaption id=\"caption-attachment-245\" class=\"wp-caption-text\">Listina z osnovnimi podatki o Franju \u0160toru v Ljubljani (hrani Zgodovinski arhiv Ljubljana)<\/figcaption><\/figure>\n<figure id=\"attachment_246\" aria-describedby=\"caption-attachment-246\" style=\"width: 150px\" class=\"wp-caption aligncenter\"><a href=\"https:\/\/teharje.si\/wp-content\/uploads\/2016\/08\/Podpis_Franjo_Stor.jpg\"><img loading=\"lazy\" decoding=\"async\" class=\"wp-image-246 size-thumbnail\" src=\"https:\/\/teharje.si\/wp-content\/uploads\/2016\/08\/Podpis_Franjo_Stor-150x150.jpg\" alt=\"Podpis Franja \u0160tora (hrani Zgodovinski arhiv Celje)\" width=\"150\" height=\"150\" \/><\/a><figcaption id=\"caption-attachment-246\" class=\"wp-caption-text\">Podpis Franja \u0160tora (hrani Zgodovinski arhiv Celje)<\/figcaption><\/figure>\n<p>Franjo \u0160tor je bil med drugim tudi pobudnik pri\u017eiganja kresov pri sv. Ani na predve\u010der 5. julija, ko sta godovala slovanska svetnika in apostola Ciril in Metod, po katerem je bilo poimenovano tudi prvo teharsko dru\u0161tvo. Bil je mecen in finan\u010dni podpornik razli\u010dnih teharskih dru\u017ebenih dogodkov in praznovanj. Za svojo politi\u010dno delo v ob\u010dini, razvoj in podpiranje slovenskih dru\u0161tev na Teharjah in za razvoj slovenske narodne zavesti ga je slovensko usmerjeno teharsko ob\u010dinsko vodstvo predlagalo za \u010dastnega ob\u010dana, za kar je bil imenovan na februarski ob\u010dinski seji 1901. Umrl je 2. oktobra 1919 v Gradcu na \u0160tajerskem.<\/p>\n<figure id=\"attachment_244\" aria-describedby=\"caption-attachment-244\" style=\"width: 300px\" class=\"wp-caption aligncenter\"><a href=\"https:\/\/teharje.si\/wp-content\/uploads\/2016\/08\/seznam_franjo_stor_castni_obcani.jpg\"><img loading=\"lazy\" decoding=\"async\" class=\"size-medium wp-image-244\" src=\"https:\/\/teharje.si\/wp-content\/uploads\/2016\/08\/seznam_franjo_stor_castni_obcani-300x193.jpg\" alt=\"Seznam \u010dastnih ob\u010danov ob\u010dine Teharje iz leta 1896, dr. Franjo \u0160tor pod \u0161t. 4 (hrani Zgodovinski arhiv Celje)\" width=\"300\" height=\"193\" \/><\/a><figcaption id=\"caption-attachment-244\" class=\"wp-caption-text\">Seznam \u010dastnih ob\u010danov ob\u010dine Teharje iz leta 1896, dr. Franjo \u0160tor pod \u0161t. 4 (hrani Zgodovinski arhiv Celje)<\/figcaption><\/figure>\n<p>Avtor: Matej Ocvirk.\t\t<\/p>\n","protected":false},"excerpt":{"rendered":"<p>Dr. Franjo \u0160tor je bil odvetnik, politik, narodni buditelj, ustanovitelj prvih teharskih dru\u0161tev in narodnjak doma iz Teharij, ki je<\/p>\n","protected":false},"author":2,"featured_media":0,"parent":10,"menu_order":0,"comment_status":"closed","ping_status":"closed","template":"","meta":{"colormag_page_container_layout":"no_sidebar_full_width","colormag_page_sidebar_layout":"right_sidebar","footnotes":""},"class_list":["post-53","page","type-page","status-publish","hentry"],"_links":{"self":[{"href":"https:\/\/teharje.si\/index.php\/wp-json\/wp\/v2\/pages\/53","targetHints":{"allow":["GET"]}}],"collection":[{"href":"https:\/\/teharje.si\/index.php\/wp-json\/wp\/v2\/pages"}],"about":[{"href":"https:\/\/teharje.si\/index.php\/wp-json\/wp\/v2\/types\/page"}],"author":[{"embeddable":true,"href":"https:\/\/teharje.si\/index.php\/wp-json\/wp\/v2\/users\/2"}],"replies":[{"embeddable":true,"href":"https:\/\/teharje.si\/index.php\/wp-json\/wp\/v2\/comments?post=53"}],"version-history":[{"count":0,"href":"https:\/\/teharje.si\/index.php\/wp-json\/wp\/v2\/pages\/53\/revisions"}],"up":[{"embeddable":true,"href":"https:\/\/teharje.si\/index.php\/wp-json\/wp\/v2\/pages\/10"}],"wp:attachment":[{"href":"https:\/\/teharje.si\/index.php\/wp-json\/wp\/v2\/media?parent=53"}],"curies":[{"name":"wp","href":"https:\/\/api.w.org\/{rel}","templated":true}]}}