{"id":320,"date":"2017-11-01T16:17:07","date_gmt":"2017-11-01T15:17:07","guid":{"rendered":"http:\/\/www.teharje.si\/?page_id=320"},"modified":"2026-03-19T08:28:39","modified_gmt":"2026-03-19T08:28:39","slug":"kontakt","status":"publish","type":"page","link":"https:\/\/teharje.si\/index.php\/kontakt\/","title":{"rendered":"Kontakt"},"content":{"rendered":"<p>\u017delite objaviti \u010dlanek, novico, fotografijo, dogodek, itd., ki se nana\u0161a na Teharje? Kontaktirajte nas na:<\/p>\n<p>E-po\u0161ta: info@teharje.si<\/p>\n<p><strong>Ureja:<\/strong><br \/>\n&#8211; Uro\u0161 Turn\u0161ek<\/p>\n<p><strong>Avtorji \u010dlankov, fotografij, itd.:<\/strong><br \/>\n&#8211; Matej Ocvirk<br \/>\n&#8211; pod gradivom, kjer ni navedenega avtorja je le ta neznan.<\/p>\n","protected":false},"excerpt":{"rendered":"<p>\u017delite objaviti \u010dlanek, novico, fotografijo, dogodek, itd., ki se nana\u0161a na Teharje? Kontaktirajte nas na: E-po\u0161ta: info@teharje.si Ureja: &#8211; Uro\u0161<\/p>\n","protected":false},"author":2,"featured_media":0,"parent":0,"menu_order":0,"comment_status":"closed","ping_status":"closed","template":"","meta":{"colormag_page_container_layout":"default_layout","colormag_page_sidebar_layout":"default_layout","footnotes":""},"class_list":["post-320","page","type-page","status-publish","hentry"],"_links":{"self":[{"href":"https:\/\/teharje.si\/index.php\/wp-json\/wp\/v2\/pages\/320","targetHints":{"allow":["GET"]}}],"collection":[{"href":"https:\/\/teharje.si\/index.php\/wp-json\/wp\/v2\/pages"}],"about":[{"href":"https:\/\/teharje.si\/index.php\/wp-json\/wp\/v2\/types\/page"}],"author":[{"embeddable":true,"href":"https:\/\/teharje.si\/index.php\/wp-json\/wp\/v2\/users\/2"}],"replies":[{"embeddable":true,"href":"https:\/\/teharje.si\/index.php\/wp-json\/wp\/v2\/comments?post=320"}],"version-history":[{"count":2,"href":"https:\/\/teharje.si\/index.php\/wp-json\/wp\/v2\/pages\/320\/revisions"}],"predecessor-version":[{"id":431,"href":"https:\/\/teharje.si\/index.php\/wp-json\/wp\/v2\/pages\/320\/revisions\/431"}],"wp:attachment":[{"href":"https:\/\/teharje.si\/index.php\/wp-json\/wp\/v2\/media?parent=320"}],"curies":[{"name":"wp","href":"https:\/\/api.w.org\/{rel}","templated":true}]}}